{"id":10,"date":"2025-12-02T19:21:27","date_gmt":"2025-12-02T19:21:27","guid":{"rendered":"https:\/\/ampenergy.nl\/?page_id=10"},"modified":"2026-01-18T20:57:43","modified_gmt":"2026-01-18T20:57:43","slug":"over-ons","status":"publish","type":"page","link":"https:\/\/test.ampenergy.nl\/index.php\/over-ons\/","title":{"rendered":"Over ons"},"content":{"rendered":"\t\t<div data-elementor-type=\"wp-post\" data-elementor-id=\"10\" class=\"elementor elementor-10\">\n\t\t\t\t<div class=\"elementor-element elementor-element-0680f8e e-flex e-con-boxed e-con e-parent\" data-id=\"0680f8e\" data-element_type=\"container\" data-settings=\"{&quot;background_background&quot;:&quot;classic&quot;,&quot;shape_divider_bottom&quot;:&quot;opacity-fan&quot;}\">\n\t\t\t\t\t<div class=\"e-con-inner\">\n\t\t\t\t<div class=\"elementor-shape elementor-shape-bottom\" aria-hidden=\"true\" data-negative=\"false\">\n\t\t\t<svg xmlns=\"http:\/\/www.w3.org\/2000\/svg\" viewBox=\"0 0 283.5 19.6\" preserveAspectRatio=\"none\">\n\t<path class=\"elementor-shape-fill\" style=\"opacity:0.33\" d=\"M0 0L0 18.8 141.8 4.1 283.5 18.8 283.5 0z\"\/>\n\t<path class=\"elementor-shape-fill\" style=\"opacity:0.33\" d=\"M0 0L0 12.6 141.8 4 283.5 12.6 283.5 0z\"\/>\n\t<path class=\"elementor-shape-fill\" style=\"opacity:0.33\" d=\"M0 0L0 6.4 141.8 4 283.5 6.4 283.5 0z\"\/>\n\t<path class=\"elementor-shape-fill\" d=\"M0 0L0 1.2 141.8 4 283.5 1.2 283.5 0z\"\/>\n<\/svg>\t\t<\/div>\n\t\t\t\t\t<\/div>\n\t\t\t\t<\/div>\n\t\t<div class=\"elementor-element elementor-element-d37c743 e-flex e-con-boxed e-con e-parent\" data-id=\"d37c743\" data-element_type=\"container\">\n\t\t\t\t\t<div class=\"e-con-inner\">\n\t\t<div class=\"elementor-element elementor-element-250b788 e-con-full e-flex e-con e-child\" data-id=\"250b788\" data-element_type=\"container\">\n\t\t\t\t<div class=\"elementor-element elementor-element-330dd0f elementor-widget elementor-widget-heading\" data-id=\"330dd0f\" data-element_type=\"widget\" data-widget_type=\"heading.default\">\n\t\t\t\t\t<h3 class=\"elementor-heading-title elementor-size-default\">Van Telecom naar Energietransitie<\/h3>\t\t\t\t<\/div>\n\t\t\t\t<div class=\"elementor-element elementor-element-c4f0f1e elementor-widget elementor-widget-text-editor\" data-id=\"c4f0f1e\" data-element_type=\"widget\" data-widget_type=\"text-editor.default\">\n\t\t\t\t\t\t\t\t\t<p style=\"font-weight: 400;\">De expertise die was opgebouwd in het nauwkeurige werk van telecom, werd succesvol vertaald naar een bredere en nog crucialere sector: de vitale infrastructuur van elektriciteit, water en gas. Gaandeweg werd de focus verlegd van louter telecom naar een breed scala aan hoogwaardige werkzaamheden aan deze essenti\u00eble netwerken.<\/p>\t\t\t\t\t\t\t\t<\/div>\n\t\t\t\t<\/div>\n\t\t<div class=\"elementor-element elementor-element-40c1130 e-con-full e-flex e-con e-child\" data-id=\"40c1130\" data-element_type=\"container\">\n\t\t\t\t<div class=\"elementor-element elementor-element-d9a4e5e elementor-widget elementor-widget-image\" data-id=\"d9a4e5e\" data-element_type=\"widget\" data-widget_type=\"image.default\">\n\t\t\t\t\t\t\t\t\t\t\t\t\t\t\t<img fetchpriority=\"high\" decoding=\"async\" width=\"309\" height=\"229\" src=\"https:\/\/test.ampenergy.nl\/wp-content\/uploads\/2026\/01\/overons.jpg\" class=\"attachment-large size-large wp-image-186\" alt=\"\" srcset=\"https:\/\/test.ampenergy.nl\/wp-content\/uploads\/2026\/01\/overons.jpg 309w, https:\/\/test.ampenergy.nl\/wp-content\/uploads\/2026\/01\/overons-300x222.jpg 300w\" sizes=\"(max-width: 309px) 100vw, 309px\" \/>\t\t\t\t\t\t\t\t\t\t\t\t\t\t\t<\/div>\n\t\t\t\t<\/div>\n\t\t\t\t\t<\/div>\n\t\t\t\t<\/div>\n\t\t<div class=\"elementor-element elementor-element-fcaf0bd e-flex e-con-boxed e-con e-parent\" data-id=\"fcaf0bd\" data-element_type=\"container\">\n\t\t\t\t\t<div class=\"e-con-inner\">\n\t\t<div class=\"elementor-element elementor-element-5417ac7 e-con-full e-flex e-con e-child\" data-id=\"5417ac7\" data-element_type=\"container\">\n\t\t\t\t<div class=\"elementor-element elementor-element-60024d2 elementor-widget elementor-widget-heading\" data-id=\"60024d2\" data-element_type=\"widget\" data-widget_type=\"heading.default\">\n\t\t\t\t\t<h4 class=\"elementor-heading-title elementor-size-default\">Ervaring Vertaald in Sterke Partnerschappen<\/h4>\t\t\t\t<\/div>\n\t\t\t\t<div class=\"elementor-element elementor-element-3279df5 elementor-widget elementor-widget-text-editor\" data-id=\"3279df5\" data-element_type=\"widget\" data-widget_type=\"text-editor.default\">\n\t\t\t\t\t\t\t\t\t<p style=\"font-weight: 400;\">Bij AMP Energy B.V. bouwen we niet alleen aan fysieke infrastructuur; we bouwen aan partnerschappen. Onze jarenlange ervaring in de sector heeft ons geleerd dat de complexe uitdagingen van vandaag de dag vragen om samenwerking en collectieve expertise.<\/p>\t\t\t\t\t\t\t\t<\/div>\n\t\t\t\t<\/div>\n\t\t<div class=\"elementor-element elementor-element-a65afb4 e-con-full e-flex e-con e-child\" data-id=\"a65afb4\" data-element_type=\"container\">\n\t\t\t\t<div class=\"elementor-element elementor-element-8e29fe3 elementor-widget elementor-widget-heading\" data-id=\"8e29fe3\" data-element_type=\"widget\" data-widget_type=\"heading.default\">\n\t\t\t\t\t<h3 class=\"elementor-heading-title elementor-size-default\">Gebundelde krachten<\/h3>\t\t\t\t<\/div>\n\t\t\t\t<div class=\"elementor-element elementor-element-e359f8c elementor-widget elementor-widget-text-editor\" data-id=\"e359f8c\" data-element_type=\"widget\" data-widget_type=\"text-editor.default\">\n\t\t\t\t\t\t\t\t\t<p style=\"font-weight: 400;\">Wij geloven in de kracht van samenwerking. Daarom werken wij nauw samen met onze opdrachtgevers en gespecialiseerde partners om:<\/p><ul><li>Volledig te ontzorgen: Van initi\u00eble engineering en tekenwerkzaamheden tot de uiteindelijke installatie, u heeft \u00e9\u00e9n betrouwbare partner.<\/li><li>Innovatieve oplossingen te bieden: Onze samenwerkingsverbanden met experts in industri\u00eble batterijopslag en laadpaal-montage stellen ons in staat om voorop te lopen in de energietransitie<\/li><\/ul>\t\t\t\t\t\t\t\t<\/div>\n\t\t\t\t<\/div>\n\t\t\t\t\t<\/div>\n\t\t\t\t<\/div>\n\t\t<div class=\"elementor-element elementor-element-7c24cfd e-flex e-con-boxed e-con e-parent\" data-id=\"7c24cfd\" data-element_type=\"container\">\n\t\t\t\t\t<div class=\"e-con-inner\">\n\t\t\t\t\t<\/div>\n\t\t\t\t<\/div>\n\t\t\t\t<\/div>\n\t\t","protected":false},"excerpt":{"rendered":"<p>Van Telecom naar Energietransitie De expertise die was opgebouwd in het nauwkeurige werk van telecom, werd succesvol vertaald naar een bredere en nog crucialere sector: de vitale infrastructuur van elektriciteit, water en gas. Gaandeweg werd de focus verlegd van louter telecom naar een breed scala aan hoogwaardige werkzaamheden aan deze essenti\u00eble netwerken. Ervaring Vertaald in&hellip;&nbsp;<a href=\"https:\/\/test.ampenergy.nl\/index.php\/over-ons\/\" rel=\"bookmark\"><span class=\"screen-reader-text\">Over ons<\/span><\/a><\/p>\n","protected":false},"author":1,"featured_media":0,"parent":0,"menu_order":0,"comment_status":"closed","ping_status":"closed","template":"page-templates\/template-pagebuilder-full-width.php","meta":{"neve_meta_sidebar":"","neve_meta_container":"","neve_meta_enable_content_width":"","neve_meta_content_width":0,"neve_meta_title_alignment":"","neve_meta_author_avatar":"","neve_post_elements_order":"","neve_meta_disable_header":"","neve_meta_disable_footer":"","neve_meta_disable_title":"","footnotes":""},"class_list":["post-10","page","type-page","status-publish","hentry"],"_links":{"self":[{"href":"https:\/\/test.ampenergy.nl\/index.php\/wp-json\/wp\/v2\/pages\/10","targetHints":{"allow":["GET"]}}],"collection":[{"href":"https:\/\/test.ampenergy.nl\/index.php\/wp-json\/wp\/v2\/pages"}],"about":[{"href":"https:\/\/test.ampenergy.nl\/index.php\/wp-json\/wp\/v2\/types\/page"}],"author":[{"embeddable":true,"href":"https:\/\/test.ampenergy.nl\/index.php\/wp-json\/wp\/v2\/users\/1"}],"replies":[{"embeddable":true,"href":"https:\/\/test.ampenergy.nl\/index.php\/wp-json\/wp\/v2\/comments?post=10"}],"version-history":[{"count":53,"href":"https:\/\/test.ampenergy.nl\/index.php\/wp-json\/wp\/v2\/pages\/10\/revisions"}],"predecessor-version":[{"id":307,"href":"https:\/\/test.ampenergy.nl\/index.php\/wp-json\/wp\/v2\/pages\/10\/revisions\/307"}],"wp:attachment":[{"href":"https:\/\/test.ampenergy.nl\/index.php\/wp-json\/wp\/v2\/media?parent=10"}],"curies":[{"name":"wp","href":"https:\/\/api.w.org\/{rel}","templated":true}]}}